{"id":35,"date":"2026-03-29T11:31:39","date_gmt":"2026-03-29T11:31:39","guid":{"rendered":"http:\/\/www.maler-fassaden.at\/?page_id=35"},"modified":"2026-03-30T05:51:54","modified_gmt":"2026-03-30T05:51:54","slug":"impressum","status":"publish","type":"page","link":"http:\/\/www.maler-fassaden.at\/?page_id=35","title":{"rendered":"Impressum"},"content":{"rendered":"<style>.kb-row-layout-id35_bf6d97-6e > .kt-row-column-wrap{align-content:start;}:where(.kb-row-layout-id35_bf6d97-6e > .kt-row-column-wrap) > .wp-block-kadence-column{justify-content:start;}.kb-row-layout-id35_bf6d97-6e > .kt-row-column-wrap{column-gap:var(--global-kb-gap-md, 2rem);row-gap:var(--global-kb-gap-md, 2rem);padding-top:var(--global-kb-spacing-sm, 1.5rem);padding-bottom:var(--global-kb-spacing-sm, 1.5rem);grid-template-columns:minmax(0, 1fr);}.kb-row-layout-id35_bf6d97-6e > .kt-row-layout-overlay{opacity:0.30;}@media all and (max-width: 1024px){.kb-row-layout-id35_bf6d97-6e > .kt-row-column-wrap{grid-template-columns:minmax(0, 1fr);}}@media all and (max-width: 767px){.kb-row-layout-id35_bf6d97-6e > .kt-row-column-wrap{grid-template-columns:minmax(0, 1fr);}}<\/style><div class=\"kb-row-layout-wrap kb-row-layout-id35_bf6d97-6e alignnone wp-block-kadence-rowlayout\"><div class=\"kt-row-column-wrap kt-has-1-columns kt-row-layout-equal kt-tab-layout-inherit kt-mobile-layout-row kt-row-valign-top\">\n<style>.kadence-column35_7d3d56-78 > .kt-inside-inner-col,.kadence-column35_7d3d56-78 > .kt-inside-inner-col:before{border-top-left-radius:0px;border-top-right-radius:0px;border-bottom-right-radius:0px;border-bottom-left-radius:0px;}.kadence-column35_7d3d56-78 > .kt-inside-inner-col{column-gap:var(--global-kb-gap-sm, 1rem);}.kadence-column35_7d3d56-78 > .kt-inside-inner-col{flex-direction:column;}.kadence-column35_7d3d56-78 > .kt-inside-inner-col > .aligncenter{width:100%;}.kadence-column35_7d3d56-78 > .kt-inside-inner-col:before{opacity:0.3;}.kadence-column35_7d3d56-78{position:relative;}@media all and (max-width: 1024px){.kadence-column35_7d3d56-78 > .kt-inside-inner-col{flex-direction:column;justify-content:center;}}@media all and (max-width: 767px){.kadence-column35_7d3d56-78 > .kt-inside-inner-col{flex-direction:column;justify-content:center;}}<\/style>\n<div class=\"wp-block-kadence-column kadence-column35_7d3d56-78\"><div class=\"kt-inside-inner-col\">\n<h2 class=\"wp-block-heading\">Impressum<\/h2>\n\n\n\n<p>Martin Groiss<br>H\u00f6rsdorf 36<br>3240 Mank<br>\u00d6sterreich<br><br>Telefon: +43 664 35 21 167<br>E-Mail: <a href=\"mailto:m.groiss@mbfmaler.at\">groiss@maler-fassaden.at<\/a><br>Website: <a href=\"http:\/\/www.maler-fassaden.at\/\">http:\/\/www.maler-fassaden.at\/<\/a><br><br>UID-Nr.: ATU 790 554 15<br>Beh\u00f6rde gem. ECG (E-Commerce Gesetz): Bezirkshauptmannschaft Melk<br><br>Gewerbewortlaut: Maler und Anstreicher verbunden mit Lackierer; Vergolder und Staffierer; Schilderherstellung (verbundenes Handwerk)<br>Berufszweig: Maler und Anstreicher<\/p>\n\n\n\n<h2 class=\"wp-block-heading\">Urheberrecht<\/h2>\n\n\n\n<p>Die auf dieser Website ver\u00f6ffentlichten Texte, Bilder, PDFs und Grafiken unterliegen dem \u00f6sterreichischen Urheberrecht und der alleinigen Verf\u00fcgung von Martin Groiss. Jede Art der Vervielf\u00e4ltigung, Bearbeitung, Verbreitung, Einspeicherung und jede Art der Verwertung au\u00dferhalb der Grenzen des Urheberrechts bedarf der schriftlichen Zustimmung des Rechteinhabers.<\/p>\n\n\n\n<h2 class=\"wp-block-heading\">Barrierefreiheit<\/h2>\n\n\n\n<p>Ich versuche mein bestes, diese Website hinsichtlich der Barrierefreiheit zu optimieren. Wenn Sie trotz meines Bem\u00fchens auf Schwierigkeiten sto\u00dfen oder Anregungen zur Verbesserung haben, freu ich mich \u00fcber Ihr Feedback unter den oben angegebenen Kontaktdaten.<\/p>\n<\/div><\/div>\n\n<\/div><\/div>\n\n\n<p><\/p>\n","protected":false},"excerpt":{"rendered":"<p>Impressum Martin GroissH\u00f6rsdorf 363240 Mank\u00d6sterreich Telefon: +43 664 35 21 167E-Mail: groiss@maler-fassaden.atWebsite: http:\/\/www.maler-fassaden.at\/ UID-Nr.: ATU 790 554 15Beh\u00f6rde gem. ECG (E-Commerce Gesetz): Bezirkshauptmannschaft Melk Gewerbewortlaut: Maler und Anstreicher verbunden mit Lackierer; Vergolder und Staffierer; Schilderherstellung (verbundenes Handwerk)Berufszweig: Maler und Anstreicher Urheberrecht Die auf dieser Website ver\u00f6ffentlichten Texte, Bilder, PDFs und Grafiken unterliegen dem \u00f6sterreichischen Urheberrecht&#8230;<\/p>\n","protected":false},"author":2,"featured_media":0,"parent":0,"menu_order":0,"comment_status":"closed","ping_status":"closed","template":"","meta":{"_kadence_starter_templates_imported_post":false,"_kad_post_transparent":"enable","_kad_post_title":"hide","_kad_post_layout":"","_kad_post_sidebar_id":"","_kad_post_content_style":"","_kad_post_vertical_padding":"","_kad_post_feature":"","_kad_post_feature_position":"","_kad_post_header":true,"_kad_post_footer":true,"_kad_post_classname":"","footnotes":""},"class_list":["post-35","page","type-page","status-publish","hentry"],"_links":{"self":[{"href":"http:\/\/www.maler-fassaden.at\/index.php?rest_route=\/wp\/v2\/pages\/35","targetHints":{"allow":["GET"]}}],"collection":[{"href":"http:\/\/www.maler-fassaden.at\/index.php?rest_route=\/wp\/v2\/pages"}],"about":[{"href":"http:\/\/www.maler-fassaden.at\/index.php?rest_route=\/wp\/v2\/types\/page"}],"author":[{"embeddable":true,"href":"http:\/\/www.maler-fassaden.at\/index.php?rest_route=\/wp\/v2\/users\/2"}],"replies":[{"embeddable":true,"href":"http:\/\/www.maler-fassaden.at\/index.php?rest_route=%2Fwp%2Fv2%2Fcomments&post=35"}],"version-history":[{"count":6,"href":"http:\/\/www.maler-fassaden.at\/index.php?rest_route=\/wp\/v2\/pages\/35\/revisions"}],"predecessor-version":[{"id":57,"href":"http:\/\/www.maler-fassaden.at\/index.php?rest_route=\/wp\/v2\/pages\/35\/revisions\/57"}],"wp:attachment":[{"href":"http:\/\/www.maler-fassaden.at\/index.php?rest_route=%2Fwp%2Fv2%2Fmedia&parent=35"}],"curies":[{"name":"wp","href":"https:\/\/api.w.org\/{rel}","templated":true}]}}

<style>.kb-row-layout-id35_bf6d97-6e > .kt-row-column-wrap{align-content:start;}:where(.kb-row-layout-id35_bf6d97-6e > .kt-row-column-wrap) > .wp-block-kadence-column{justify-content:start;}.kb-row-layout-id35_bf6d97-6e > .kt-row-column-wrap{column-gap:var(--global-kb-gap-md, 2rem);row-gap:var(--global-kb-gap-md, 2rem);padding-top:var(--global-kb-spacing-sm, 1.5rem);padding-bottom:var(--global-kb-spacing-sm, 1.5rem);grid-template-columns:minmax(0, 1fr);}.kb-row-layout-id35_bf6d97-6e > .kt-row-layout-overlay{opacity:0.30;}@media all and (max-width: 1024px){.kb-row-layout-id35_bf6d97-6e > .kt-row-column-wrap{grid-template-columns:minmax(0, 1fr);}}@media all and (max-width: 767px){.kb-row-layout-id35_bf6d97-6e > .kt-row-column-wrap{grid-template-columns:minmax(0, 1fr);}}</style><div class="kb-row-layout-wrap kb-row-layout-id35_bf6d97-6e alignnone wp-block-kadence-rowlayout"><div class="kt-row-column-wrap kt-has-1-columns kt-row-layout-equal kt-tab-layout-inherit kt-mobile-layout-row kt-row-valign-top">
<style>.kadence-column35_7d3d56-78 > .kt-inside-inner-col,.kadence-column35_7d3d56-78 > .kt-inside-inner-col:before{border-top-left-radius:0px;border-top-right-radius:0px;border-bottom-right-radius:0px;border-bottom-left-radius:0px;}.kadence-column35_7d3d56-78 > .kt-inside-inner-col{column-gap:var(--global-kb-gap-sm, 1rem);}.kadence-column35_7d3d56-78 > .kt-inside-inner-col{flex-direction:column;}.kadence-column35_7d3d56-78 > .kt-inside-inner-col > .aligncenter{width:100%;}.kadence-column35_7d3d56-78 > .kt-inside-inner-col:before{opacity:0.3;}.kadence-column35_7d3d56-78{position:relative;}@media all and (max-width: 1024px){.kadence-column35_7d3d56-78 > .kt-inside-inner-col{flex-direction:column;justify-content:center;}}@media all and (max-width: 767px){.kadence-column35_7d3d56-78 > .kt-inside-inner-col{flex-direction:column;justify-content:center;}}</style>
<div class="wp-block-kadence-column kadence-column35_7d3d56-78"><div class="kt-inside-inner-col">
<h2 class="wp-block-heading">Impressum</h2>



<p>Martin Groiss<br>Hörsdorf 36<br>3240 Mank<br>Österreich<br><br>Telefon: +43 664 35 21 167<br>E-Mail: <a href="mailto:m.groiss@mbfmaler.at">groiss@maler-fassaden.at</a><br>Website: <a href="http://www.maler-fassaden.at/">http://www.maler-fassaden.at/</a><br><br>UID-Nr.: ATU 790 554 15<br>Behörde gem. ECG (E-Commerce Gesetz): Bezirkshauptmannschaft Melk<br><br>Gewerbewortlaut: Maler und Anstreicher verbunden mit Lackierer; Vergolder und Staffierer; Schilderherstellung (verbundenes Handwerk)<br>Berufszweig: Maler und Anstreicher</p>



<h2 class="wp-block-heading">Urheberrecht</h2>



<p>Die auf dieser Website veröffentlichten Texte, Bilder, PDFs und Grafiken unterliegen dem österreichischen Urheberrecht und der alleinigen Verfügung von Martin Groiss. Jede Art der Vervielfältigung, Bearbeitung, Verbreitung, Einspeicherung und jede Art der Verwertung außerhalb der Grenzen des Urheberrechts bedarf der schriftlichen Zustimmung des Rechteinhabers.</p>



<h2 class="wp-block-heading">Barrierefreiheit</h2>



<p>Ich versuche mein bestes, diese Website hinsichtlich der Barrierefreiheit zu optimieren. Wenn Sie trotz meines Bemühens auf Schwierigkeiten stoßen oder Anregungen zur Verbesserung haben, freu ich mich über Ihr Feedback unter den oben angegebenen Kontaktdaten.</p>
</div></div>

</div></div>


<p></p>

<p>Impressum Martin GroissHörsdorf 363240 MankÖsterreich Telefon: +43 664 35 21 167E-Mail: groiss@maler-fassaden.atWebsite: http://www.maler-fassaden.at/ UID-Nr.: ATU 790 554 15Behörde gem. ECG (E-Commerce Gesetz): Bezirkshauptmannschaft Melk Gewerbewortlaut: Maler und Anstreicher verbunden mit Lackierer; Vergolder und Staffierer; Schilderherstellung (verbundenes Handwerk)Berufszweig: Maler und Anstreicher Urheberrecht Die auf dieser Website veröffentlichten Texte, Bilder, PDFs und Grafiken unterliegen dem österreichischen Urheberrecht&#8230;</p>
